
False
Is 263723 prime?
True
Is 160309 prime?
True
Is 17519 a prime number?
True
Is 69593 a prime number?
True
Is 56139 prime?
False
Is 523163 prime?
False
Is 5077 a prime number?
True
Is 823913 prime?
True
Is 65629 composite?
False
Is 60355 composite?
True
Is 13863 a composite number?
True
Is 61871 a prime number?
True
Is 6341 a prime number?
False
Is 6557 prime?
False
Is 459373 a composite number?
False
Is 903527 a prime number?
True
Is 2129 a prime number?
True
Is 7609 prime?
False
Is 27989 a prime number?
False
Is 40265 a prime number?
False
Is 37385 prime?
False
Is 1174 prime?
False
Is 26794 composite?
True
Is 190273 a prime number?
False
Is 486503 a prime number?
True
Is 274031 composite?
True
Is 513907 prime?
False
Is 22109 a prime number?
True
Is 290243 composite?
False
Is 56881 composite?
True
Is 1815587 prime?
True
Is 2541587 composite?
True
Is 8581 a prime number?
True
Is 46198 prime?
False
Is 133754 a prime number?
False
Is 75143 composite?
True
Is 540713 composite?
False
Is 2419463 composite?
False
Is 1089457 prime?
True
Is 42359 composite?
False
Is 231131 prime?
True
Is 912631 a prime number?
True
Is 131759 composite?
False
Is 134 composite?
True
Is 1042007 a composite number?
True
Is 6389 prime?
True
Is 13963 composite?
False
Is 13709 a prime number?
True
Is 5501 prime?
True
Is 23339 a prime number?
True
Is 1175351 prime?
True
Is 14633 a prime number?
True
Is 597349 prime?
True
Is 99565 prime?
False
Is 1336669 prime?
False
Is 29383 a prime number?
True
Is 9983 a composite number?
True
Is 5367 prime?
False
Is 639953 a composite number?
True
Is 1132811 prime?
True
Is 90379 a composite number?
False
Is 50177 composite?
False
Is 373631 a prime number?
True
Is 28979 a composite number?
False
Is 42163 a prime number?
False
Is 6563 a composite number?
False
Is 10007 composite?
False
Is 38447 a prime number?
True
Is 193519 a prime number?
False
Is 150295 prime?
False
Is 7499 a composite number?
False
Is 5481641 a composite number?
True
Is 13211 prime?
False
Is 2773153 prime?
True
Is 483881 a composite number?
True
Is 4059527 a prime number?
True
Is 658477 a prime number?
True
Is 1341421 a composite number?
True
Is 232195 composite?
True
Is 6387 a prime number?
False
Is 9946 composite?
True
Is 55987 a prime number?
True
Is 832478 prime?
False
Is 5069 prime?
False
Is 31957 prime?
True
Is 91741 a prime number?
False
Is 15991 composite?
False
Is 2099 a composite number?
False
Is 439519 prime?
True
Is 288089 composite?
False
Is 414521 composite?
False
Is 540131 a composite number?
True
Is 563522 composite?
True
Is 467 a prime number?
True
Is 6434 a composite number?
True
Is 164471 prime?
True
Is 11639 a prime number?
False
Is 18191 a prime number?
True
Is 97649 a prime number?
True
Is 4201 prime?
True
Is 32177 a composite number?
True
Is 3581393 composite?
False
Is 127235 composite?
True
Is 2042 a composite number?
True
Is 62581 a composite number?
False
Is 44987 a prime number?
True
Is 66217 a prime number?
False
Is 8311 a prime number?
True
Is 7234 composite?
True
Is 1623403 a composite number?
False
Is 38593 a composite number?
False
Is 496549 prime?
True
Is 237313 a composite number?
False
Is 2931 composite?
True
Is 80741 composite?
True
Is 26797 composite?
True
Is 54521 prime?
True
Is 3356953 prime?
False
Is 47813 a composite number?
True
Is 206341 a composite number?
False
Is 17623 a composite number?
False
Is 805451 prime?
True
Is 5979 a prime number?
False
Is 52051 a prime number?
True
Is 56773 prime?
True
Is 76559 a composite number?
True
Is 357131 prime?
True
Is 271178 a prime number?
False
Is 7283 composite?
False
Is 521 composite?
False
Is 3049 a prime number?
True
Is 617347 prime?
False
Is 542293 a prime number?
True
Is 13367 prime?
True
Is 229247 a prime number?
True
Is 77 composite?
True
Is 1343467 composite?
False
Is 9566 a composite number?
True
Is 12829 prime?
True
Is 1575494 composite?
True
Is 5597 a prime number?
False
Is 292459 a prime number?
True
Is 2188981 prime?
True
Is 336437 prime?
True
Is 33679 a composite number?
False
Is 17783 a composite number?
False
Is 616173 prime?
False
Is 577951 composite?
True
Is 444427 composite?
True
Is 16129 prime?
False
Is 96127 composite?
True
Is 152123 composite?
False
Is 1676717 prime?
False
Is 579178 a prime number?
False
Is 2161 a prime number?
True
Is 2155 prime?
False
Is 72859 composite?
False
Is 27677 composite?
True
Is 2633 a composite number?
False
Is 57 prime?
False
Is 113489 a prime number?
True
Is 3523 a composite number?
True
Is 20201 composite?
False
Is 4735 prime?
False
Is 9547 a composite number?
False
Is 151423 a prime number?
True
Is 6557 composite?
True
Is 291 composite?
True
Is 15947 prime?
False
Is 13217 a composite number?
False
Is 1003 a composite number?
True
Is 29417 composite?
True
Is 587 a prime number?
True
Is 269327 prime?
True
Is 15901 a composite number?
False
Is 71741 a prime number?
True
Is 13523 a composite number?
False
Is 1103771 a composite number?
True
Is 1931 prime?
True
Is 947927 prime?
True
Is 103769 composite?
False
Is 2174 a prime number?
False
Is 5807 a composite number?
False
Is 7483 a prime number?
False
Is 72017 composite?
True
Is 13595 composite?
True
Is 65623 composite?
True
Is 243553 a prime number?
True
Is 5639 composite?
False
Is 5129 prime?
False
Is 53987 a composite number?
False
Is 45019 a composite number?
True
Is 107143 a composite number?
True
Is 12295 a composite number?
True
Is 397703 a composite number?
True
Is 37049 a composite number?
False
Is 376373 prime?
True
Is 8719 a composite number?
False
Is 66369 prime?
False
Is 146141 prime?
True
Is 27689 a composite number?
False
Is 151379 a composite number?
False
Is 463741 prime?
True
Is 97894 a prime number?
False
Is 31087 composite?
True
Is 3793 a composite number?
False
Is 208367 prime?
True
Is 202777 a prime number?
True
Is 26665 prime?
False
Is 92987 prime?
True
Is 121267 a prime number?
True
Is 79031 a composite number?
False
Is 114067 composite?
False
Is 3943 a composite number?
False
Is 1316027 prime?
False
Is 135977 prime?
True
Is 8189 a composite number?
True
Is 18591 a prime number?
False
Is 139063 composite?
True
Is 795517 composite?
False
Is 61057 a composite number?
False
Is 2881 composite?
True
Is 12197 a composite number?
False
Is 13229 a composite number?
False
Is 252811 a composite number?
True
Is 1227 a prime number?
False
Is 14759 prime?
True
Is 81761 a prime number?
True
Is 57731 composite?
False
Is 7859 a composite number?
True
Is 1467581 a prime number?
True
Is 4201 prime?
True
Is 379 a composite number?
False
Is 49111 a composite number?
True
Is 211469 a prime number?
True
Is 24441 a prime number?
False
Is 8402 a composite number?
True
Is 9601 a prime number?
True
Is 2932609 prime?
True
Is 170329 a composite number?
True
Is 35311 composite?
False
Is 22853 a prime number?
True
Is 110291 a prime number?
True
Is 441377 a prime number?
False
Is 2206253 prime?
False
Is 62189 a prime number?
True
Is 8311 a prime number?
True
Is 7231 composite?
True
Is 28151 prime?
True
Is 759263 a composite number?
False
Is 1621 a composite number?
False
Is 149501 a composite number?
True
Is 19189 prime?
False
Is 28153 a composite number?
True
Is 69583 a prime number?
False
Is 97741 prime?
False
Is 212486 a composite number?
True
Is 32222 a prime number?
False
Is 13787 a composite number?
True
Is 1108151 a composite number?
True
Is 365557 prime?
True
Is 292141 a composite number?
False
Is 443 composite?
False
Is 237929 prime?
True
Is 319783 composite?
True
Is 7151 composite?
False
Is 18201 prime?
False
Is 4391 a prime number?
True
Is 55415 a prime number?
False
Is 12385 prime?
False
Is 1603 a prime number?
False
Is 6697 a prime number?
False
Is 74149 prime?
True
Is 7583 prime?
True
Is 11863 a prime number?
True
Is 3635 a composite number?
True
Is 6521 a prime number?
True
Is 241291 prime?
True
Is 8509 a composite number?
True
Is 19709 prime?
True
Is 829 composite?
False
Is 1290229 a composite number?
True
Is 11239 prime?
True
Is 5839 prime?
True
Is 1259 a composite number?
False
Is 22719 a prime number?
False
Is 301073 prime?
True
Is 2498981 prime?
True
Is 556459 a prime number?
True
Is 6499 a prime number?
False
Is 126593 a prime number?
False
Is 5663 a composite number